t is the units digit of 1586531873?
3
What is the thousands digit of 158447447?
7
What is the hundreds digit of 36963960?
9
What is the tens digit of 45600622?
2
What is the thousands digit of 210854647?
4
What is the millions digit of 31808358?
1
What is the ten millions digit of 2414279156?
1
What is the hundreds digit of 88897593?
5
What is the millions digit of 8067579?
8
What is the tens digit of 128201176?
7
What is the thousands digit of 46716017?
6
What is the millions digit of 96061493?
6
What is the hundred thousands digit of 1046436613?
4
What is the hundred thousands digit of 79347745?
3
What is the units digit of 1281473049?
9
What is the ten thousands digit of 62517407?
1
What is the hundred thousands digit of 18863476?
8
What is the thousands digit of 12273237?
3
What is the thousands digit of 43911106?
1
What is the ten thousands digit of 94929972?
2
What is the hundreds digit of 409058828?
8
What is the units digit of 153552812?
2
What is the ten thousands digit of 91289119?
8
What is the hundreds digit of 37374293?
2
What is the thousands digit of 274678143?
8
What is the hundreds digit of 183033916?
9
What is the millions digit of 46654941?
6
What is the ten thousands digit of 313968787?
6
What is the units digit of 42134334?
4
What is the hundred millions digit of 115553162?
1
What is the ten thousands digit of 50118362?
1
What is the hundred millions digit of 285154464?
2
What is the ten millions digit of 142454375?
4
What is the tens digit of 37349235?
3
What is the tens digit of 64508776?
7
What is the millions digit of 311549230?
1
What is the hundred thousands digit of 601353831?
3
What is the hundred millions digit of 786444413?
7
What is the tens digit of 9032550?
5
What is the tens digit of 180084338?
3
What is the ten millions digit of 512313203?
1
What is the hundred thousands digit of 218442243?
4
What is the ten millions digit of 30121320?
3
What is the hundred millions digit of 8002295475?
0
What is the units digit of 104205756?
6
What is the ten millions digit of 691354539?
9
What is the millions digit of 159833321?
9
What is the tens digit of 983531857?
5
What is the hundred thousands digit of 10844958?
8
What is the units digit of 52453594?
4
What is the tens digit of 392865468?
6
What is the tens digit of 930440652?
5
What is the units digit of 59171334?
4
What is the hundred millions digit of 3237800148?
2
What is the hundred millions digit of 6808750624?
8
What is the hundreds digit of 15323124?
1
What is the tens digit of 170694052?
5
What is the tens digit of 760869460?
6
What is the ten thousands digit of 1155554398?
5
What is the millions digit of 39988301?
9
What is the units digit of 14906478?
8
What is the thousands digit of 196779270?
9
What is the hundreds digit of 707795560?
5
What is the hundred thousands digit of 119872307?
8
What is the thousands digit of 51158419?
8
What is the thousands digit of 271790030?
0
What is the thousands digit of 1705577723?
7
What is the thousands digit of 1660411022?
1
What is the ten thousands digit of 2074541929?
4
What is the tens digit of 38033700?
0
What is the tens digit of 47682215?
1
What is the ten thousands digit of 43462076?
6
What is the tens digit of 2125537624?
2
What is the hundreds digit of 151315185?
1
What is the ten millions digit of 613998475?
1
What is the hundreds digit of 290491812?
8
What is the units digit of 7604807?
7
What is the ten millions digit of 44090791?
4
What is the ten thousands digit of 593963410?
6
What is the ten thousands digit of 43968961?
6
What is the hundreds digit of 81999502?
5
What is the hundred thousands digit of 38562942?
5
What is the billions digit of 2261357542?
2
What is the ten millions digit of 1439964004?
3
What is the units digit of 155776142?
2
What is the ten thousands digit of 410418507?
1
What is the hundred millions digit of 143536955?
1
What is the ten thousands digit of 850036839?
3
What is the hundred thousands digit of 6558729?
5
What is the ten millions digit of 44409029?
4
What is the hundreds digit of 1271635074?
0
What is the millions digit of 48874514?
8
What is the millions digit of 4099143596?
9
What is the hundred millions digit of 2383745216?
3
What is the tens digit of 177999134?
3
What is the ten millions digit of 15238716?
1
What is the hundred millions digit of 428288933?
4
What is the hundreds digit of 139116809?
8
What is the tens digit of 2920240931?
3
What is the hundred millions digit of 186342367?
1
What is the hundreds digit of 185472874?
8
What is the units digit of 4541327544?
4
What is the units digit of 74479547?
7
What is the thousands digit of 199785842?
5
What is the millions digit of 73614003?
3
What is the tens digit of 6990217715?
1
What is the tens digit of 40669660?
6
What is the millions digit of 5791388696?
1
What is the millions digit of 319874757?
9
What is the ten millions digit of 477176525?
7
What is the thousands digit of 1330885629?
5
What is the millions digit of 38133678?
8
What is the ten thousands digit of 5750531473?
3
What is the thousands digit of 296861327?
1
What is the tens digit of 979072839?
3
What is the ten millions digit of 40202899?
4
What is the thousands digit of 2823416181?
6
What is the ten thousands digit of 2574195683?
9
What is the millions digit of 2456696960?
6
What is the thousands digit of 7441663504?
3
What is the thousands digit of 85547225?
7
What is the ten thousands digit of 407168076?
6
What is the tens digit of 729205501?
0
What is the millions digit of 7150986?
7
What is the millions digit of 206532221?
6
What is the millions digit of 212300743?
2
What is the thousands digit of 9988315?
8
What is the millions digit of 163589900?
3
What is the thousands digit of 169508745?
8
What is the millions digit of 341439506?
1
What is the units digit of 430864628?
8
What is the thousands digit of 286200144?
0
What is the millions digit of 899069359?
9
What is the hundreds digit of 88367632?
6
What is the millions digit of 49766147?
9
What is the units digit of 12049515?
5
What is the tens digit of 655397759?
5
What is the tens digit of 38992496?
9
What is the tens digit of 130192321?
2
What is the ten thousands digit of 26981496?
8
What is the thousands digit of 1994573?
4
What is the units digit of 3796352824?
4
What is the hundred millions digit of 4884016273?
8
What is the millions digit of 2285364521?
5
What is the millions digit of 923105708?
3
What is the hundred millions digit of 517592873?
5
What is the ten thousands digit of 98785957?
8
What is the millions digit of 176690838?
6
What is the tens digit of 63692241?
4
What is the hundreds digit of 101539468?
4
What is the hundred thousands digit of 981363931?
3
What is the tens digit of 1747661772?
7
What is the millions digit of 198039700?
8
What is the ten millions digit of 139857007?
3
What is the hundreds digit of 22411226?
2
What is the thousands digit of 114056816?
6
What is the hundreds digit of 33553622?
6
What is the hundred thousands digit of 3444222?
4
What is the hundred thousands digit of 62650751?
6
What is the tens digit of 54248904?
0
What is the tens digit of 1214215998?
9
What is the ten thousands digit of 2657168206?
6
What is the tens digit of 1490958272?
7
What is the units digit of 509180723?
3
What is the hundred thousands digit of 11036794?
0
What is the units digit of 1464962113?
3
What is the ten thousands digit of 48054887?
5
What is the hundred thousands digit of 785384333?
3
What is the units digit of 484760914?
4
What is the hundreds digit of 100766980?
9
What is the billions digit of 4012032625?
4
What is the hundreds digit of 362401951?
9
What is the ten millions digit of 703936443?
0
What is the ten millions digit of 867869629?
6
What is the millions digit of 140178408?
0
What is the units digit of 989981822?
2
What is the ten millions digit of 72979548?
7
What is the hundred thousands digit of 704683862?
6
What is the millions digit of 35132735?
5
What is the tens digit of 21892586?
8
What is the tens digit of 2085527092?
9
What is the billions digit of 5593353968?
5
What is the ten millions digit of 224007260?
2
What is the tens digit of 1713164980?
8
What is the millions digit of 255989551?
5
What is the ten millions digit of 660540654